at is the ten thousands digit of r?
3
Suppose 0*f + 20 = 5*f, 4*f - 70 = -3*n. Suppose -15244 = -n*z + 5492. What is the thousands digit of z?
1
Suppose d - 5*d - 4*o - 344 = 0, 5*o + 256 = -3*d. Let a = -93 - d. What is the tens digit of -3*(a + 5) + -1 + 117?
1
Let h be (48/20)/(2/5). Suppose -h = -2*y + 6. Suppose 4*b = 8, 2*t = -y*b + 3*b + 20. What is the units digit of t?
7
Let f(p) = 44*p**2 - 150*p - 1774. What is the ten thousands digit of f(-29)?
3
Suppose 14*y = 8*y - 1578. Let f = -239 - y. What is the tens digit of f?
2
Let o(u) = -210*u + 17. What is the tens digit of o(-9)?
0
Let o(u) = -224*u - 474. What is the thousands digit of o(-17)?
3
Let s = -34 + 53. Let p be 2 - 8 - (-1290)/30. Let r = p - s. What is the units digit of r?
8
Suppose 2*w - 3*i - 13439 + 997 = 0, 0 = -2*i. What is the thousands digit of w?
6
Let v(b) be the second derivative of 130*b**3/3 - 32*b**2 - 240*b + 2. What is the units digit of v(2)?
6
Let g be 216/14 - 28/(-49). What is the units digit of ((-4)/(-10)*5)/(g/2296)?
7
Let q(d) = -d**3 + 4*d**2 + 2*d - 7. Let i be q(4). Let t be ((-2 - -3)/i)/(-1). What is the tens digit of 121 + (4 - 7) + 1*t?
1
Let m be (-24)/20*(1 - 147/2). Suppose 15 - m = -3*r. Suppose 22*t + 216 = r*t. What is the units digit of t?
8
Let g(u) = -u**3 + 11*u**2 + 9. Let p = 37 - 26. Let t be g(p). What is the tens digit of 124/3 - 3/t?
4
Suppose -4*a + 32285 = i, -29*i + 27*i = -5*a + 40379. What is the thousands digit of a?
8
Let y = -74314 + 124001. What is the ten thousands digit of y?
4
Suppose 0 = -2*a + 3*c - 0*c + 758, -1937 = -5*a - 3*c. Suppose -a = -14*r + 875. What is the tens digit of r?
9
What is the tens digit of 10/(-5) + 54851 + -24?
2
Let a(h) = 17*h - 39. Let s be a(4). Suppose 13005 = s*o - 12*o. What is the tens digit of o?
6
Let g(f) = 5*f**2 - f. Let t be g(1). Suppose t*h = -6*h + 5160. Let y = -324 + h. What is the hundreds digit of y?
1
Let d(i) = i**2 + 6*i + 5. Let f be d(-1). Suppose f = -3*l + b + 669, 82 = 2*l + 4*b - 350. What is the units digit of l?
2
Suppose -6*p + 3*p - 5*s = 0, 2*s = 2*p. Suppose -15 = -p*a + 5*a, -675 = -3*c + 2*a. What is the units digit of c?
3
Suppose 8*s + 126 = 26*s. What is the tens digit of s*1/14 - (-4222)/4?
5
Let t(q) = q - 39. Let l be t(39). Let x(s) = -2*s**2 + 3*s + 257. What is the tens digit of x(l)?
5
Let g = -5464 - -3867. Let u = -1020 - g. What is the tens digit of u?
7
Let h = 2675 + -1640. Let t = h + -258. What is the tens digit of t?
7
Let v be 12 + (-3)/1 - 4. Suppose -n - 5*c = -5*n + 429, -4*c - 525 = -v*n. What is the tens digit of n?
0
Let v(o) = -o**3 + 2*o**2 - o - 2. Let g be v(-1). Suppose -3*f + 582 = g*y, -3*y + 235 = 2*f - 643. What is the tens digit of y?
9
Let i = 20 - -112. Let l = 212 - i. What is the tens digit of l?
8
Suppose 7*p = 8*p - 612. Let c = 992 - p. Suppose -3*s - c = -13*s. What is the units digit of s?
8
Suppose 5*g + 10 = 0, 40*s - 43*s = -5*g - 349. What is the tens digit of s?
1
Suppose -5*g - 2*f = -4, -2 = -24*g + 25*g - f. Suppose -k - 79 + 1201 = c, g = 4*c - 5*k - 4515. What is the tens digit of c?
2
Suppose -g - 5*y + 1714 = 0, 4445 + 664 = 3*g + 4*y. What is the units digit of g?
9
Let n be -4 - (-7)/(-7) - -232. Let s = n + -179. What is the units digit of s?
8
Suppose 23*a - 46970 = -12*a. Let i = 2375 - a. What is the hundreds digit of i?
0
Suppose 59*w - 8 = 57*w. What is the tens digit of (w/8)/(4 + 5475/(-1370))?
3
Let x(p) = -4*p - 21. Suppose 20*d = 24*d - 12. Suppose -4*j + 2*r - 78 = 0, -27 = j - 6*r + d*r. What is the tens digit of x(j)?
5
Let x(l) = -7*l + 178. Let g be x(53). Let w(d) = -2*d**3 - 3*d**2 + 8*d - 3. Let t be w(-6). Let q = g + t. What is the tens digit of q?
8
Suppose 3*s - 8*i = -5*i + 27, s + i - 19 = 0. What is the hundreds digit of ((-6)/18 - 190/(-12))*s?
2
Let s = -5317 - -8193. What is the tens digit of s?
7
Let b be 217 + 0 + 4 - -4 - -3. Suppose -b = -u + 894. What is the hundreds digit of u?
1
Suppose -7*j + 8*j - 3 = 0. Suppose -m = j - 9. Let d(y) = 5*y**2 - 10*y + 2. What is the tens digit of d(m)?
2
Let r(l) = 5*l**3 - 39*l**2 + 391*l + 20. What is the thousands digit of r(14)?
1
Let n be (2*3)/((-9)/24*-4). Suppose -n*a - 2 = -2*r, 3*r - 8*a = -3*a + 5. Let u = 49 + r. What is the tens digit of u?
5
Let b(d) = 294*d + 2787. What is the hundreds digit of b(16)?
4
Suppose 18332 = 204*n - 105153 - 324499. What is the tens digit of n?
9
Let w = -3 - -12. What is the units digit of 2/w + 5983/9?
5
Suppose -o = -1, 628*m = 627*m + 4*o + 7374. What is the thousands digit of m?
7
Suppose -15 = -2*n - 9. Suppose -c - 2*c + 71 = 4*j, 69 = n*j - 3*c. What is the units digit of j?
0
Let y(g) = 9*g**2 + 50*g + 5261. What is the hundreds digit of y(-55)?
7
Let r = 14916 + -7243. What is the thousands digit of r?
7
Suppose 0 = -90*q + 2457421 + 2143019. What is the thousands digit of q?
1
Let m = 590 - 585. Suppose -m*l = -5*z - 6635, -3*l + 6477 = -z + 2488. What is the thousands digit of l?
1
Let y = 4494 + 1087. What is the thousands digit of y?
5
Let n(h) = 4*h + 28. Let a(p) = 3*p - 21. Let b be a(5). Let u be n(b). Suppose 0 = -u*s + q + 281, -2*q = -2*s - q + 143. What is the units digit of s?
9
Suppose 188*j = 185*j + 12. Suppose -j*y + 545 = s, 2*s - 4*y + 1619 = 5*s. What is the tens digit of s?
3
Suppose 54*y - 192537 = 27*y. What is the thousands digit of y?
7
Suppose -1567*m = -1583*m + 158992. What is the hundreds digit of m?
9
Suppose -3*g + 44043 + 865215 = 18*g. What is the units digit of g?
8
Suppose 122 = 5*h - 28. What is the units digit of 86/6*h/2?
5
Let z be 849/(-2 + 3)*(5 - 4). Suppose 2*d + 4*p - z = -p, 3*d - 1257 = -2*p. What is the units digit of d?
7
Let r(z) = 7*z**2 - 58*z + 519. What is the hundreds digit of r(-33)?
0
Let t(q) = 67*q**2 - 4*q + 35234. What is the tens digit of t(0)?
3
Let u(p) = 68*p**2 + 123*p + 1514. What is the tens digit of u(-15)?
6
Suppose 64*w - 51 = 47*w. Let q(y) = 16*y - y + 9 - 3*y. What is the units digit of q(w)?
5
Suppose 3*s = 6*s + 117. Let k = s - -42. Suppose 0*c - 5*l = 2*c - 237, -3*l = k*c - 351. What is the units digit of c?
6
Suppose 4*t - 17*t + 39 = 0. Let g(z) = z**2 - z + 17 + 3*z + t*z. What is the hundreds digit of g(10)?
1
Suppose -55*n + 27 = -46*n. Suppose -q = -n*z + 896, 2*q - 1486 = 3*z - 8*z. What is the units digit of z?
8
Let m(d) = 164*d**2 - 682*d - 5507. What is the thousands digit of m(-8)?
0
Let c(j) = 13*j**2 + 169*j - 108. What is the thousands digit of c(14)?
4
Let v be (8 - 4)*18/(-8). Suppose 90 = 2*t + 72. What is the units digit of (48/t)/(1 - (-6)/v)?
6
Suppose 0 = 4*u + 378 - 386. Suppose -u*c + 546 = 2*x, 5*x - 5*c = -100 + 1515. What is the units digit of x?
8
Suppose 10*g = 17 + 133. Suppose 1565 = 4*t - 3*i, 4*i + i = -g. What is the units digit of t?
9
Let h(x) = -x + 1. Let m be h(-3). Suppose -m*s - f + 87 = -s, -3*f = 4*s - 111. Let d = s + 25. What is the tens digit of d?
5
Suppose x = -2*c + 14062, -6*x + 4*c = -4*x - 28156. What is the thousands digit of x?
4
Suppose 0 = -o + 13 - 8, 0 = p - 5*o - 17. Suppose 6042 = p*h - 15756. What is the units digit of h?
9
Let r = 104214 + -60886. What is the ten thousands digit of r?
4
What is the thousands digit of 337264/56 - (-21)/49?
6
Let g = 30 + -28. Let q = g + -10. What is the units digit of q/36 + 2463/27?
1
Let w be (15/1)/(3*3/978). Suppose 3*v = 7*v - 2*h - w, 3*v = -4*h + 1195. What is the hundreds digit of v?
4
Let j = -165 + 215. Suppose 0 = 41*a - j*a + 4977. What is the hundreds digit of a?
5
Suppose 4*v + d = 1003, -2*d - 3*d - 1235 = -5*v. Let u be 2*1/(-5) - 11089/65. Let c = v + u. What is the units digit of c?
9
Suppose -5*c + 2*b + 5755 = 0, -76*c + 5*b = -72*c - 4587. What is the tens digit of c?
5
Suppose -7*l + 460 + 303 = 0. Suppose 106*n - l*n = -204. What is the tens digit of n?
6
Suppose -5*o + 149674 = -l, -o - 4*l + 6410 = -23529. What is the hundreds digit of o?
9
Suppose 0*s - 2*m - 6 = s, 5*s + 3*m = -2. Suppose -4*i + 4*q + 9504 = 0, 0 = -s*i + i + 5*q + 2376. Suppose 8*z - 20*z = -i. What is the hundreds digit of z?
1
Let w(u) = 2285*u + 41. What is the hundreds digit of w(3)?
8
Suppose o - 422 = 2*s, 8*s = 12*s - o + 846. Let p = s - -1083. What is the hundreds digit of p?
8
Suppose 41*h - 17